12*x. Determine u(x).
3
Let o = 4 + -10. Let c(t) = t**3 - 8*t**2 + 2*t - 3. Let m(h) = -h**3 + h**2. Let y(x) = c(x) + 2*m(x). Give y(o).
-15
Let n(t) = -t**2 + 12*t - 9. Let g(m) = 2*m**2 + 5*m + 7. Let k be g(-3). Give n(k).
11
Let t(b) = 2*b**2 - 15*b - 10. Let q(u) = -u**2 + 8*u + 5. Suppose 1 + 38 = 2*s + 5*o, 5*s - 30 = o. Let c(r) = s*q(r) + 4*t(r). Calculate c(6).
7
Let n(v) = 2*v - 3. Let d(p) = 4. Let z(m) = 4*d(m) + 5*n(m). What is z(1)?
11
Suppose 8*o = 26 + 22. Let q(w) = -3*w**3 - 19*w**2 + 11*w - 13. Let b(g) = g**3 + 9*g**2 - 6*g + 7. Let m(p) = 5*b(p) + 2*q(p). What is m(o)?
-3
Let r(f) = f**2 + 22*f + 15. Suppose 2*p - 4*c + 38 = 0, 623*c - 1 = 624*c. What is r(p)?
-6
Let h(w) = w**3 - 6*w**2 - 1. Let r(g) be the third derivative of g**6/60 - g**5/30 - g**4/24 - 11*g**2. Let x be r(2). Calculate h(x).
-1
Suppose 2*s - 14 = -3*v, 3*s = -v - 3*v + 20. Let x(t) be the third derivative of -t**4/24 + t**3 - 137*t**2. Give x(s).
2
Let v = 36 - 20. Suppose v*b - 11*b - 30 = 0. Let k(s) = s. Let q(d) = -d + 5. Let c(z) = -2*k(z) + q(z). Give c(b).
-13
Let m(q) = -q + 1. Suppose -4*a = 3 + 5. Let z = 1 - a. Let i be (-4)/(-6)*z - -1. Determine m(i).
-2
Suppose -9*y = 782 - 836. Let i(m) = -m**2 + 7*m**2 - m**3 + 0*m**3 + 5. Calculate i(y).
5
Let q(y) = 17*y - 377. Let o be q(23). Let h(c) = c**2 - 13*c - 10. Calculate h(o).
4
Let n(g) = -42 + 80 - 42 + 0*g**2 + g**3 + 7*g - 5*g**2. Let x(c) = c + 9. Let w be x(-5). What is n(w)?
8
Let z(p) be the second derivative of 1/360*p**6 - 11/6*p**3 + 0 - 1/6*p**4 - 1/40*p**5 + 0*p**2 - p. Let a(y) be the second derivative of z(y). Calculate a(3).
-4
Suppose 4*h + 4*c - 16 = 0, 2*c - 32 = -5*h + 3*c. Let f(k) = -k**2 - 1. Let m(b) = -2*b**2 + 4*b + 6. Let g(q) = f(q) - m(q). What is g(h)?
5
Let k(i) = 9*i + 2. Let p be 8 + (100/(-175))/((-2)/(-7)). What is k(p)?
56
Let b(l) = l**3 + 9*l**2 - l - 13. Let d = -274 + 406. Let h = d - 141. Give b(h).
-4
Suppose -2*f + 2*w = -10, 4*f - 21 = 4*w - w. Let d(y) = 5*y - 1 - f*y + 4 + 0*y. Give d(0).
3
Let i(q) = 3*q**3 + 6*q**2 - 6*q - 3. Let j(z) = -15*z**2 + 9*z**2 + 4*z + 2 - 4*z**3 + 3*z. Let l(p) = -5*i(p) - 4*j(p). Give l(5).
-8
Let i(v) = 2*v**2 + 2*v + 2. Let m be 1 + 0 + 3/(-3). Let k be (4 - 0)/4 - m. Let c = -1 - k. Calculate i(c).
6
Let f(x) = 8*x - 102. Let a be f(14). Let p(h) = h**3 - 9*h**2 - 13*h + 1. Determine p(a).
-29
Let i be 14/(-49)*(-441)/63. Let p(y) be the third derivative of -y**6/240 + y**5/40 - y**4/24 - y**2. Let k(s) be the second derivative of p(s). What is k(i)?
-3
Let q(o) be the second derivative of 17*o**5/20 + o**4/6 - o**2/2 - 180*o. Determine q(-1).
-16
Suppose -5*v + 17 = 4*b, 2*v = -b + 11 - 3. Let i(h) = -2*h**2 + 4*h + 6. Determine i(v).
-24
Let o(j) be the third derivative of -j**5/60 - j**4/12 + j**3/6 + 14*j**2. Let i be o(-3). Let c(h) = -6*h - 2. Determine c(i).
10
Let d be 2 + -2 - (6 + 0). Let a = 65 + -59. Let h(x) = -1 - 3 - x**2 + 3 - a*x. Give h(d).
-1
Let o(g) = -g + 9. Let d = -29 + 25. Let n be (d + 7)*(-10)/(-6). Determine o(n).
4
Let p(n) = 2*n**2 - 7*n + 7. Let l(o) = -3*o + 6. Let f be l(-3). Suppose 0 = 2*q, f = 3*r + 3*q + q. Determine p(r).
22
Let y(b) = -2*b - 2. Let t(z) = 2*z + 3. Let g(h) = -5*t(h) - 4*y(h). Give g(-3).
-1
Let s(h) = 2*h + 4. Suppose -2*b = -5*v + 10, 8*b - 13*b - 2*v + 33 = 0. Calculate s(b).
14
Let j(n) = n. Let p(s) be the first derivative of 3*s**2/2 - 4*s + 3. Let g(q) = -2*j(q) + p(q). What is g(4)?
0
Let l(t) = t**3 - 10*t**2 - 13*t + 12. Let b(i) = i**2 - 31*i + 119. Let h be b(27). Determine l(h).
-10
Let r(g) = -g**2 - 10*g - 2. Let h(v) = -6*v**3 - v**2 - v. Let s be h(-1). Let b be -1 + -4 + s - 11. What is r(b)?
-2
Suppose 145*k = 137*k - 8. Let h(m) = 12*m**3 + 2*m + 1. Calculate h(k).
-13
Suppose -4*l + 4 = -3*l. Let t(v) = -5*v**2 + 2 + 0 - l + v**3 - 3. Determine t(5).
-5
Suppose -175 = -8*h - 31. Let i be (h/12 + 2)*4/2. Let g(t) = -t**3 + 8*t**2 - 8*t - 9. Determine g(i).
-16
Let l(x) = x**2 + x - 22. Let k(b) = b. Let i(f) = -f**2 - 4*f + 22. Let y(c) = -i(c) - 3*k(c). Let d(h) = 2*l(h) - 3*y(h). Give d(0).
22
Let l(v) = v**2 + 5*v - 3. Let z = 875 - 881. Calculate l(z).
3
Let b(q) = -q**2 - 6*q + 5. Let k = 7 - 1. Let c(s) = 3*s**2 + 17*s - 14. Let i(p) = k*c(p) + 17*b(p). What is i(0)?
1
Let h(g) be the first derivative of g**3/3 - g**2 - 2*g + 75. Give h(2).
-2
Let u(q) = q**2 + 7*q + 5. Suppose 11*w + 4 - 4 = 0. Suppose -7*t = -w*t + 42. Determine u(t).
-1
Let w(a) = 4*a**2 - 5*a - 5*a - 2 - 2*a - 3*a**2 + 11*a. Give w(-3).
10
Let i(n) be the first derivative of n**3/3 - 4*n**2 - 6*n + 3707. Let s = 30 + -20. Determine i(s).
14
Suppose -5*u - 3*y - 60 = -10*u, 2*u - 2*y - 28 = 0. Suppose 145 = -4*b + u. Let p be b/(-10) - 6/15. Let m(g) = -g**3 + 2*g**2 + 2*g + 4. Determine m(p).
1
Let s(t) = -9*t**3 + 21*t**2 - 23*t - 7. Let h(x) = 5*x**3 - 11*x**2 + 12*x + 3. Let r(f) = -11*h(f) - 6*s(f). Let m be -9*(72/27 + (-4)/2). Give r(m).
9
Let b be 10*((-3)/(-2) - 1). Suppose t - b = -3*j - 0*t, 0 = -j - t + 5. Suppose j - 5 = -5*u + 5*m, -7 = -2*u + m. Let i(d) = -d**2 + 7*d - 5. Determine i(u).
1
Suppose -w + 30 - 10 = 5*m, 34 = 3*m + 5*w. Suppose 4*n - 13 = m. Let q(j) = -3*j + 0 + j - 6 + 6*j. Give q(n).
10
Let l(m) be the third derivative of 0*m**4 + 4*m**2 + 0*m - 1/30*m**5 + 0 - 1/6*m**3. Let y(z) be the first derivative of l(z). What is y(1)?
-4
Let b be (-4)/(1*(-2)/3). Let d(j) be the first derivative of j**3/3 - 4*j**2 + 2*j - 619. Give d(b).
-10
Let b(w) = 0*w + 3*w + 16 + 10*w + w - 13*w. Let g be ((-6)/(-8))/((-3)/36). Determine b(g).
7
Let i(j) = -11*j - 1. Let o(h) = -22*h - 2. Let s(x) = 9*i(x) - 4*o(x). Suppose r - 3*m + 10 = 0, -40*r = -36*r + 4*m - 24. What is s(r)?
-23
Let n(l) be the first derivative of 7*l**4/24 - l**3/2 - 5*l**2 + 5. Let u(s) be the second derivative of n(s). Determine u(2).
11
Let q(x) = 5*x - 5 + x + 37 - 39. Suppose -o = -5*f + 21, o = f + f - 6. What is q(f)?
23
Let z be (-4)/((-28)/29) - (-9)/(-63). Let r(w) = w**3 - 4*w**2 - 4*w + 9. What is r(z)?
-7
Let d(t) = -t**2 + t. Let c be d(1). Let u(g) = 2*g**3 - 226*g**2 - g + 2. Let k(w) = w**3 - 75*w**2 - 1. Let y(z) = 3*k(z) - u(z). Give y(c).
-5
Let p(s) = 3 + 1049*s - 2096*s + 2 + 1045*s. Suppose -r - r + 8 = 2*x, 0 = 3*r + 6. Calculate p(x).
-7
Suppose -o = 3*o + 2*j + 34, -5*j = -o + 8. Let a(v) = v**3 + 8*v**2 + 4*v - 4. Calculate a(o).
17
Let t(w) = 1581*w**2 - 3 + w**3 - 1574*w**2 + w + 1. Calculate t(-6).
28
Suppose 2 = -2*c + 10. Let q(y) = -2*y - 3 + 3*y + c - 5*y. What is q(4)?
-15
Let b(g) be the third derivative of -g**7/840 + 7*g**6/360 - g**5/20 - g**4/6 - g**3/2 + 5*g**2. Let l(a) be the first derivative of b(a). What is l(5)?
16
Let h(u) be the third derivative of u**5/60 + u**4/12 + 502*u**2. What is h(4)?
24
Let i be (22/3)/(8/(-12)). Let s(q) = q**2 + 12*q + 5. What is s(i)?
-6
Suppose -32*t - 30 = -35*t. Let m(x) = -11*x**2 + 6*x**3 + 3*x**3 + 12 - t*x**3 - 7*x - 2*x. Calculate m(-10).
2
Let z(x) = -x**3 + 12*x**2 - 11*x - 2. Suppose 143 = 25*l - 12*l. Determine z(l).
-2
Let q(v) = -11*v + 3. Let f be q(-6). Let s(t) = -t + 145 - f - 69. Give s(0).
7
Let k(o) = -o**3 - 5*o**2 + o + 7. Suppose -1 - 4 = 4*g - 3*x, -3*g = -x + 10. Determine k(g).
2
Suppose 4*v = -4*l + 28, 3*l - 2*l - 3*v + 13 = 0. Let c(r) = -3*r - 10*r**l + 13*r**2 + 3*r + 3*r + r**3. Determine c(-3).
-9
Suppose 53*x = 52*x. Let h(m) = m**2 - 10. What is h(x)?
-10
Let j(u) = 2*u - 13 + 4 + u - 2*u. Let q be j(11). Let k(c) = 6 + q*c - 6*c - 5*c - c**2. Calculate k(-9).
6
Let c(f) be the third derivative of f**6/120 - 11*f**5/60 - f**4/24 + f**3/6 - 102*f**2. Determine c(11).
-10
Suppose 4*x - f - 8 = 10, 5*x - 4*f - 28 = 0. Suppose -x*s = -4, 5*b + 3*s + s + 41 = 0. Let l = 16 + b. Let j(k) = k**3 - 7*k**2 + 4. Determine j(l).
4
Let l(b) = -b + 4. Let q = 17 - 12. Suppose -d - 2*u - 2 = 3*d, 0 = q*d - 2*u + 16. Let s(t) = -t**3 - t**2 + 2*t + 3. Let g be s(d). What is l(g)?
1
Let h(z) = -z**2 - 9*z - 10. Suppose 522*t - 518*t + 20 = 0. Determine h(t).
10
Let v(o) be the second derivative of o**6/360 + o**5/120 - 5*o**4/24 - 3*o**3 + 3*o. Let j(c) be the second derivative of v(c). Give j(0).
-5
Let b(r) = 2*r**2 + 2*r - 2. Let g(a) = 6*a - 79. Let t(c) = c - 13. Let n(